 4) in base 8?
244622
What is 1101010010010011 (base 2) in base 16?
d493
What is -20011012122 (base 3) in base 5?
-12334131
-704283 (base 13) to base 10
-2608284
What is e8aac (base 15) in base 9?
1344510
Convert 138328b (base 12) to base 2.
1110111001000111001011
What is 7640 (base 8) in base 16?
fa0
Convert 20121002110111 (base 3) to base 14.
673677
What is -4dd54 (base 14) in base 3?
-100202022120
78740 (base 15) to base 11
241841
4028675 (base 9) to base 10
2145272
What is -1403a95 (base 14) in base 5?
-4440104110
Convert -22034154 (base 6) to base 3.
-1020102121121
What is 483001 (base 14) in base 5?
1112414412
6865045 (base 9) to base 8
16102432
Convert -1425605 (base 7) to base 2.
-101110110011001101
Convert -ba01 (base 13) to base 12.
-12b6a
What is -276f19 (base 16) in base 15?
-360aea
What is 1758246 (base 9) in base 16?
f0249
Convert -13121213230 (base 4) to base 16.
-1d99ec
15366664 (base 8) to base 11
1aa4384
Convert -107278 (base 16) to base 12.
-43b934
Convert 999d7 (base 15) to base 6.
14244151
Convert -3bc90e (base 16) to base 10.
-3918094
What is 11011010001111100000101 (base 2) in base 16?
6d1f05
Convert -27332 (base 8) to base 6.
-131310
Convert 246082 (base 10) to base 6.
5135134
-40301302 (base 5) to base 4
-1032220131
Convert -345c56 (base 14) to base 9.
-3317176
Convert -30021222120 (base 4) to base 15.
-42dbd9
28e58a (base 16) to base 5
1141231302
-14114113 (base 5) to base 13
-50c5a
323334001 (base 5) to base 16
1528ff
What is 34346 (base 11) in base 13?
197b0
What is -1102023201 (base 4) in base 16?
-522e1
Convert 1583345 (base 9) to base 16.
d73ed
-9a1d6 (base 14) to base 11
-235738
13974b2 (base 12) to base 8
16777406
What is -1554ac (base 15) in base 12?
-418399
Convert -40434024 (base 5) to base 12.
-139565
20825581 (base 9) to base 12
344b247
What is -21e9c2 (base 16) in base 6?
-115345254
Convert -b6779 (base 14) to base 2.
-1101011100011000111
135777 (base 9) to base 15
198e4
What is 66752 (base 10) in base 2?
10000010011000000
What is -1000010101010000101 (base 2) in base 3?
-111212112012
207232 (base 8) to base 2
10000111010011010
-469a781 (base 12) to base 2
-110100000010100011010001
-8186388 (base 10) to base 6
-451243540
-114a576 (base 12) to base 16
-32e6aa
Convert -10abfd (base 16) to base 7.
-12200303
What is -2883de (base 15) in base 3?
-10200011010202
Convert 1339255 (base 10) to base 5.
320324010
Convert 80871a (base 12) to base 5.
1003134020
What is 1f929 (base 16) in base 13?
46b2a
264002 (base 11) to base 13
117032
What is -1210122210 (base 3) in base 9?
-53583
Convert -47dd (base 16) to base 3.
-221020101
-30411503 (base 6) to base 15
-12383c
Convert 2314303044 (base 5) to base 13.
1110b02
Convert 1100110000101110 (base 2) to base 8.
146056
7bc00b (base 14) to base 11
2422841
Convert -2657001 (base 10) to base 12.
-a81749
What is 246792 (base 16) in base 10?
2385810
Convert -354366 (base 7) to base 13.
-23187
-11351433 (base 7) to base 11
-626502
2e0fca (base 16) to base 13
819017
What is -3045574 (base 8) in base 15?
-10db21
Convert -11010111011010011100101 (base 2) to base 7.
-113666121
What is 106d5 (base 16) in base 6?
1235301
Convert 1b872 (base 15) to base 4.
111320321
What is 1310322023 (base 4) in base 9?
808775
1d4a89 (base 15) to base 13
3b256c
What is 10001001101011000000 (base 2) in base 7?
4536015
What is -202121012121122 (base 3) in base 4?
-221300310002
515c0d (base 16) to base 2
10100010101110000001101
253137 (base 8) to base 12
4287b
What is 11101010010101010110001 (base 2) in base 3?
112110010010010
-14342264 (base 7) to base 4
-11022303302
-143436114 (base 7) to base 6
-535212033
Convert 31316262 (base 8) to base 11.
3839214
1168108 (base 10) to base 5
244334413
Convert 2331223 (base 6) to base 5.
12331311
2002b2 (base 12) to base 4
1321212212
-3200452 (base 6) to base 5
-14440241
Convert -12200210121 (base 3) to base 5.
-12041440
What is 1055317 (base 11) in base 4?
13010012122
32210775 (base 9) to base 13
32acc53
1731773 (base 9) to base 12
3a6b19
Convert -42253515 (base 6) to base 9.
-2283332
Convert -1223200 (base 7) to base 4.
-212120020
Convert 7cc24 (base 14) to base 7.
2404644
-1231313132 (base 4) to base 14
-b9ddc
What is -33421 (base 7) in base 14?
-3111
-57772 (base 14) to base 6
-4321000
What is 20000201221121 (base 3) in base 12?
10a5844
What is 8c88 (base 13) in base 15?
5c96
What is -252bc5 (base 14) in base 3?
-2101210201102
What is 1100110100111111110 (base 2) in base 4?
1212213332
What is 1b455 (base 15) in base 2?
10101101010011010
Convert -142024320 (base 6) to base 2.
-1011000011000101111000
What is 1101110011110 (base 2) in base 16?
1b9e
-10232420000 (base 5) to base 7
-161010261
1d72a (base 15) to base 3
11212211211
What is -1210211001102 (base 3) in base 12?
-3a4078
Convert 21010101102 (base 3) to base 14.
3917b
2455741 (base 8) to base 2
10100101101111100001
-30e2 (base 16) to base 11
-9447
Convert -22d21 (base 15) to base 6.
-2213404
Convert -36346 (base 11) to base 8.
-146142
22ba760 (base 12) to base 13
1511c22
What is 1a9787 (base 15) in base 14?
25acd0
What is 93e2bd (base 15) in base 14?
d1165a
Convert -14552640 (base 7) to base 14.
-282dc7
Convert 20144021 (base 5) to base 3.
22020202022
1c7957 (base 15) to base 14
28371d
Convert 6c04 (base 16) to base 2.
110110000000100
8a47 (base 16) to base 2
1000101001000111
Convert 671670 (base 11) to base 4.
10011131033
1662544 (base 7) to base 13
825a3
384718 (base 12) to base 14
19d576
-110021021000 (base 3) to base 13
-85bc0
Convert -335663 (base 7) to base 5.
-3402203
Convert -18597 (base 13) to base 15.
-de56
Convert -162cf (base 16) to base 14.
-2515d
Convert 4500503 (base 6) to base 2.
110111000110010111
What is 2026a (base 14) in base 4?
102320012
Convert 21012222112220 (base 3) to base 12.
1350b96
Convert 155555356 (base 7) to base 9.
21787474
-4860593 (base 10) to base 4
-102202222301
What is -7213366 (base 8) in base 15?
-279cec
Convert -2221121201 (base 3) to base 4.
-32022322
What is -18730530 (base 9) in base 13?
-1c66653
What is -2413002 (base 5) in base 15?
-d3d7
Convert -12331003232 (base 4) to base 13.
-4ba997
What is -8059833 (base 10) in base 13?
-1892742
-13324535 (base 6) to base 13
-128543
Convert -108748 (base 10) to base 2.
-11010100011001100
2400231 (base 5) to base 11
2aa13
What is -144021112 (base 5) in base 13?
-20b186
Convert 12202021 (base 3) to base 10.
4192
23064356 (base 7) to base 15
29c4ee
Convert -24297c5 (base 14) to base 4.
-1002002322201
What is -1221201020200 (base 3) in base 14?
-1d0187
Convert -17433671 (base 8) to base 11.
-2335536
-63727 (base 16) to base 3
-202200202111
What is 14514 (base 10) in base 12?
8496
Convert -3333112 (base 4) to base 12.
-955a
5b6d42 (base 14) to base 10
3130766
What is -62407 (base 8) in base 6?
-315423
Convert -120002211011 (base 3) to base 14.
-7a4bb
Convert 1041b21 (base 15) to base 6.
1052335034
What is 100111101010101011010001 (base 2) in base 10?
10398417
Convert 21121102 (base 3) to base 7.
22112
Convert -10100011110000100100 (base 2) to base 15.
-d3b21
What is -10112101222211 (base 3) in base 12?
-7668b7
-61764 (base 8) to base 9
-38081
3101032031 (base 4) to base 13
2400b0
4abab (base 14) to base 15
39526
What is 1763590 (base 10) in base 5?
422413330
-100110001010000101000001 (base 2) to base 10
-10002753
What is 1166044 (base 7) in base 10?
150952
Convert 1010312233012 (base 4) to base 7.
306264610
Convert -6295e (base 15) to base 16.
-4c526
10033001 (base 5) to base 6
1420040
What is 180828 (base 9) in base 8?
333123
What is 53a23 (base 11) in base 15?
1838d
Convert 12122111120 (base 3) to base 7.
642060
Convert -101220200020002 (base 3) to base 5.
-2441100323
Convert 100110001010101110 (base 2) to base 3.
21221110011
2006aa8 (base 12) to base 13
1316894
What is 685164 (base 16) in base 13?
1554a1a
Convert 10000011001111010010010 (base 2) to base 15.
59e309
1122200121022 (base 3) to base 11
55095a
What is 12314321 (base 5) in base 8?
352231
What is 22996a (base 12) in base 16?
87c22
-13411664 (base 8) to base 15
-3e9ad5
Convert 100124323 (base 5) to base 11.
250236
Convert -1a8231a (base 13) to base 7.
-134366462
Convert 1473376 (base 13) to base 4.
120313210333
What is -c3512 (base 14) in base 16?
-72ccc
What is -10